{"id":1551,"date":"2021-03-29T10:29:30","date_gmt":"2021-03-29T10:29:30","guid":{"rendered":"https:\/\/materialsfarreny.com\/?page_id=1551"},"modified":"2021-03-29T10:38:08","modified_gmt":"2021-03-29T10:38:08","slug":"jardineria","status":"publish","type":"page","link":"https:\/\/materialsfarreny.com\/?page_id=1551","title":{"rendered":"Jardiner\u00eda"},"content":{"rendered":"\t\t<div data-elementor-type=\"wp-page\" data-elementor-id=\"1551\" class=\"elementor elementor-1551\">\n\t\t\t\t\t\t\t\t\t<section class=\"elementor-section elementor-top-section elementor-element elementor-element-c8c3ce8 elementor-section-height-min-height elementor-section-boxed elementor-section-height-default elementor-section-items-middle\" data-id=\"c8c3ce8\" data-element_type=\"section\" data-settings=\"{&quot;background_background&quot;:&quot;classic&quot;}\">\n\t\t\t\t\t\t\t<div class=\"elementor-background-overlay\"><\/div>\n\t\t\t\t\t\t\t<div class=\"elementor-container elementor-column-gap-no\">\n\t\t\t\t\t<div class=\"elementor-column elementor-col-100 elementor-top-column elementor-element elementor-element-eb7b7dc\" data-id=\"eb7b7dc\" data-element_type=\"column\">\n\t\t\t<div class=\"elementor-widget-wrap elementor-element-populated\">\n\t\t\t\t\t\t\t\t<div class=\"elementor-element elementor-element-3fba627 elementor-widget elementor-widget-heading\" data-id=\"3fba627\" data-element_type=\"widget\" data-widget_type=\"heading.default\">\n\t\t\t\t<div class=\"elementor-widget-container\">\n\t\t\t<h6 class=\"elementor-heading-title elementor-size-default\">Materiales Farreny<\/h6>\t\t<\/div>\n\t\t\t\t<\/div>\n\t\t\t\t<div class=\"elementor-element elementor-element-5e286b8 elementor-widget elementor-widget-heading\" data-id=\"5e286b8\" data-element_type=\"widget\" data-widget_type=\"heading.default\">\n\t\t\t\t<div class=\"elementor-widget-container\">\n\t\t\t<h1 class=\"elementor-heading-title elementor-size-default\">Jardiner\u00eda<\/h1>\t\t<\/div>\n\t\t\t\t<\/div>\n\t\t\t\t\t<\/div>\n\t\t<\/div>\n\t\t\t\t\t\t\t<\/div>\n\t\t<\/section>\n\t\t\t\t<section class=\"elementor-section elementor-top-section elementor-element elementor-element-9128bea elementor-section-boxed elementor-section-height-default elementor-section-height-default\" data-id=\"9128bea\" data-element_type=\"section\">\n\t\t\t\t\t\t<div class=\"elementor-container elementor-column-gap-no\">\n\t\t\t\t\t<div class=\"elementor-column elementor-col-100 elementor-top-column elementor-element elementor-element-b49e33d\" data-id=\"b49e33d\" data-element_type=\"column\">\n\t\t\t<div class=\"elementor-widget-wrap elementor-element-populated\">\n\t\t\t\t\t\t\t\t<section class=\"elementor-section elementor-inner-section elementor-element elementor-element-c731abc elementor-section-boxed elementor-section-height-default elementor-section-height-default\" data-id=\"c731abc\" data-element_type=\"section\">\n\t\t\t\t\t\t<div class=\"elementor-container elementor-column-gap-no\">\n\t\t\t\t\t<div class=\"elementor-column elementor-col-100 elementor-inner-column elementor-element elementor-element-0ef450f\" data-id=\"0ef450f\" data-element_type=\"column\">\n\t\t\t<div class=\"elementor-widget-wrap elementor-element-populated\">\n\t\t\t\t\t\t\t\t<div class=\"elementor-element elementor-element-515de73 elementor-widget elementor-widget-heading\" data-id=\"515de73\" data-element_type=\"widget\" data-widget_type=\"heading.default\">\n\t\t\t\t<div class=\"elementor-widget-container\">\n\t\t\t<h2 class=\"elementor-heading-title elementor-size-default\">Por y para ti<\/h2>\t\t<\/div>\n\t\t\t\t<\/div>\n\t\t\t\t<div class=\"elementor-element elementor-element-ba09efc elementor-widget-divider--view-line elementor-widget elementor-widget-divider\" data-id=\"ba09efc\" data-element_type=\"widget\" data-widget_type=\"divider.default\">\n\t\t\t\t<div class=\"elementor-widget-container\">\n\t\t\t\t\t<div class=\"elementor-divider\">\n\t\t\t<span class=\"elementor-divider-separator\">\n\t\t\t\t\t\t<\/span>\n\t\t<\/div>\n\t\t\t\t<\/div>\n\t\t\t\t<\/div>\n\t\t\t\t<div class=\"elementor-element elementor-element-e6ced01 elementor-widget elementor-widget-text-editor\" data-id=\"e6ced01\" data-element_type=\"widget\" data-widget_type=\"text-editor.default\">\n\t\t\t\t<div class=\"elementor-widget-container\">\n\t\t\t\t\t\t\t<p><span>El almac\u00e9n de Materiales Farreny le ofrece diferentes elementos ornamentales para su jard\u00edn: desde piedra natural, macetas de arcilla, etc.\u00a0<\/span><span>hasta c\u00e9sped artificial.<\/span><\/p>\t\t\t\t\t\t<\/div>\n\t\t\t\t<\/div>\n\t\t\t\t\t<\/div>\n\t\t<\/div>\n\t\t\t\t\t\t\t<\/div>\n\t\t<\/section>\n\t\t\t\t<div class=\"elementor-element elementor-element-d0350b6 elementor-widget elementor-widget-image-gallery\" data-id=\"d0350b6\" data-element_type=\"widget\" data-widget_type=\"image-gallery.default\">\n\t\t\t\t<div class=\"elementor-widget-container\">\n\t\t\t\t\t<div class=\"elementor-image-gallery\">\n\t\t\t<div id='gallery-1' class='gallery galleryid-1551 gallery-columns-3 gallery-size-medium'><figure class='gallery-item'>\n\t\t\t<div class='gallery-icon landscape'>\n\t\t\t\t<a data-elementor-open-lightbox=\"yes\" data-elementor-lightbox-slideshow=\"d0350b6\" data-elementor-lightbox-title=\"24\" e-action-hash=\"#elementor-action%3Aaction%3Dlightbox%26settings%3DeyJpZCI6MTU2MSwidXJsIjoiaHR0cHM6XC9cL21hdGVyaWFsc2ZhcnJlbnkuY29tXC93cC1jb250ZW50XC91cGxvYWRzXC8yMDIxXC8wM1wvMjQucG5nIiwic2xpZGVzaG93IjoiZDAzNTBiNiJ9\" href='https:\/\/materialsfarreny.com\/wp-content\/uploads\/2021\/03\/24.png'><img loading=\"lazy\" decoding=\"async\" width=\"300\" height=\"300\" src=\"https:\/\/materialsfarreny.com\/wp-content\/uploads\/2021\/03\/24.png\" class=\"attachment-medium size-medium\" alt=\"\" aria-describedby=\"gallery-1-1561\" srcset=\"https:\/\/materialsfarreny.com\/wp-content\/uploads\/2021\/03\/24.png 300w, https:\/\/materialsfarreny.com\/wp-content\/uploads\/2021\/03\/24-150x150.png 150w\" sizes=\"auto, (max-width: 300px) 100vw, 300px\" \/><\/a>\n\t\t\t<\/div>\n\t\t\t\t<figcaption class='wp-caption-text gallery-caption' id='gallery-1-1561'>\n\t\t\t\tC\u00e9sped artificial (instalaci\u00f3n \u2022 instalaci\u00f3n f\u00e1cil garantizada)\n\t\t\t\t<\/figcaption><\/figure><figure class='gallery-item'>\n\t\t\t<div class='gallery-icon landscape'>\n\t\t\t\t<a data-elementor-open-lightbox=\"yes\" data-elementor-lightbox-slideshow=\"d0350b6\" data-elementor-lightbox-title=\"25\" e-action-hash=\"#elementor-action%3Aaction%3Dlightbox%26settings%3DeyJpZCI6MTU2MCwidXJsIjoiaHR0cHM6XC9cL21hdGVyaWFsc2ZhcnJlbnkuY29tXC93cC1jb250ZW50XC91cGxvYWRzXC8yMDIxXC8wM1wvMjUucG5nIiwic2xpZGVzaG93IjoiZDAzNTBiNiJ9\" href='https:\/\/materialsfarreny.com\/wp-content\/uploads\/2021\/03\/25.png'><img loading=\"lazy\" decoding=\"async\" width=\"300\" height=\"300\" src=\"https:\/\/materialsfarreny.com\/wp-content\/uploads\/2021\/03\/25.png\" class=\"attachment-medium size-medium\" alt=\"\" aria-describedby=\"gallery-1-1560\" srcset=\"https:\/\/materialsfarreny.com\/wp-content\/uploads\/2021\/03\/25.png 300w, https:\/\/materialsfarreny.com\/wp-content\/uploads\/2021\/03\/25-150x150.png 150w\" sizes=\"auto, (max-width: 300px) 100vw, 300px\" \/><\/a>\n\t\t\t<\/div>\n\t\t\t\t<figcaption class='wp-caption-text gallery-caption' id='gallery-1-1560'>\n\t\t\t\tMacetas de arcilla\n\t\t\t\t<\/figcaption><\/figure><figure class='gallery-item'>\n\t\t\t<div class='gallery-icon landscape'>\n\t\t\t\t<a data-elementor-open-lightbox=\"yes\" data-elementor-lightbox-slideshow=\"d0350b6\" data-elementor-lightbox-title=\"26\" e-action-hash=\"#elementor-action%3Aaction%3Dlightbox%26settings%3DeyJpZCI6MTU1OSwidXJsIjoiaHR0cHM6XC9cL21hdGVyaWFsc2ZhcnJlbnkuY29tXC93cC1jb250ZW50XC91cGxvYWRzXC8yMDIxXC8wM1wvMjYucG5nIiwic2xpZGVzaG93IjoiZDAzNTBiNiJ9\" href='https:\/\/materialsfarreny.com\/wp-content\/uploads\/2021\/03\/26.png'><img loading=\"lazy\" decoding=\"async\" width=\"300\" height=\"300\" src=\"https:\/\/materialsfarreny.com\/wp-content\/uploads\/2021\/03\/26.png\" class=\"attachment-medium size-medium\" alt=\"\" aria-describedby=\"gallery-1-1559\" srcset=\"https:\/\/materialsfarreny.com\/wp-content\/uploads\/2021\/03\/26.png 300w, https:\/\/materialsfarreny.com\/wp-content\/uploads\/2021\/03\/26-150x150.png 150w\" sizes=\"auto, (max-width: 300px) 100vw, 300px\" \/><\/a>\n\t\t\t<\/div>\n\t\t\t\t<figcaption class='wp-caption-text gallery-caption' id='gallery-1-1559'>\n\t\t\t\therramientas manuales para su jard\u00edn\n\t\t\t\t<\/figcaption><\/figure><figure class='gallery-item'>\n\t\t\t<div class='gallery-icon landscape'>\n\t\t\t\t<a data-elementor-open-lightbox=\"yes\" data-elementor-lightbox-slideshow=\"d0350b6\" data-elementor-lightbox-title=\"27\" e-action-hash=\"#elementor-action%3Aaction%3Dlightbox%26settings%3DeyJpZCI6MTU1OCwidXJsIjoiaHR0cHM6XC9cL21hdGVyaWFsc2ZhcnJlbnkuY29tXC93cC1jb250ZW50XC91cGxvYWRzXC8yMDIxXC8wM1wvMjcucG5nIiwic2xpZGVzaG93IjoiZDAzNTBiNiJ9\" href='https:\/\/materialsfarreny.com\/wp-content\/uploads\/2021\/03\/27.png'><img loading=\"lazy\" decoding=\"async\" width=\"300\" height=\"300\" src=\"https:\/\/materialsfarreny.com\/wp-content\/uploads\/2021\/03\/27.png\" class=\"attachment-medium size-medium\" alt=\"\" aria-describedby=\"gallery-1-1558\" srcset=\"https:\/\/materialsfarreny.com\/wp-content\/uploads\/2021\/03\/27.png 300w, https:\/\/materialsfarreny.com\/wp-content\/uploads\/2021\/03\/27-150x150.png 150w\" sizes=\"auto, (max-width: 300px) 100vw, 300px\" \/><\/a>\n\t\t\t<\/div>\n\t\t\t\t<figcaption class='wp-caption-text gallery-caption' id='gallery-1-1558'>\n\t\t\t\tMangueras, programadores y utensilios de riego\n\t\t\t\t<\/figcaption><\/figure><figure class='gallery-item'>\n\t\t\t<div class='gallery-icon landscape'>\n\t\t\t\t<a data-elementor-open-lightbox=\"yes\" data-elementor-lightbox-slideshow=\"d0350b6\" data-elementor-lightbox-title=\"28\" e-action-hash=\"#elementor-action%3Aaction%3Dlightbox%26settings%3DeyJpZCI6MTU1NywidXJsIjoiaHR0cHM6XC9cL21hdGVyaWFsc2ZhcnJlbnkuY29tXC93cC1jb250ZW50XC91cGxvYWRzXC8yMDIxXC8wM1wvMjgucG5nIiwic2xpZGVzaG93IjoiZDAzNTBiNiJ9\" href='https:\/\/materialsfarreny.com\/wp-content\/uploads\/2021\/03\/28.png'><img loading=\"lazy\" decoding=\"async\" width=\"300\" height=\"300\" src=\"https:\/\/materialsfarreny.com\/wp-content\/uploads\/2021\/03\/28.png\" class=\"attachment-medium size-medium\" alt=\"\" aria-describedby=\"gallery-1-1557\" srcset=\"https:\/\/materialsfarreny.com\/wp-content\/uploads\/2021\/03\/28.png 300w, https:\/\/materialsfarreny.com\/wp-content\/uploads\/2021\/03\/28-150x150.png 150w\" sizes=\"auto, (max-width: 300px) 100vw, 300px\" \/><\/a>\n\t\t\t<\/div>\n\t\t\t\t<figcaption class='wp-caption-text gallery-caption' id='gallery-1-1557'>\n\t\t\t\tTorretas y jardineras de todos los tama\u00f1os (Cer\u00e1mica, madera, hormig\u00f3n, vidrio)\n\t\t\t\t<\/figcaption><\/figure><figure class='gallery-item'>\n\t\t\t<div class='gallery-icon landscape'>\n\t\t\t\t<a data-elementor-open-lightbox=\"yes\" data-elementor-lightbox-slideshow=\"d0350b6\" data-elementor-lightbox-title=\"29\" e-action-hash=\"#elementor-action%3Aaction%3Dlightbox%26settings%3DeyJpZCI6MTU1NiwidXJsIjoiaHR0cHM6XC9cL21hdGVyaWFsc2ZhcnJlbnkuY29tXC93cC1jb250ZW50XC91cGxvYWRzXC8yMDIxXC8wM1wvMjkucG5nIiwic2xpZGVzaG93IjoiZDAzNTBiNiJ9\" href='https:\/\/materialsfarreny.com\/wp-content\/uploads\/2021\/03\/29.png'><img loading=\"lazy\" decoding=\"async\" width=\"300\" height=\"300\" src=\"https:\/\/materialsfarreny.com\/wp-content\/uploads\/2021\/03\/29.png\" class=\"attachment-medium size-medium\" alt=\"\" aria-describedby=\"gallery-1-1556\" srcset=\"https:\/\/materialsfarreny.com\/wp-content\/uploads\/2021\/03\/29.png 300w, https:\/\/materialsfarreny.com\/wp-content\/uploads\/2021\/03\/29-150x150.png 150w\" sizes=\"auto, (max-width: 300px) 100vw, 300px\" \/><\/a>\n\t\t\t<\/div>\n\t\t\t\t<figcaption class='wp-caption-text gallery-caption' id='gallery-1-1556'>\n\t\t\t\tMaquinaria de jard\u00edn y mantenimiento de jard\u00edn\n\t\t\t\t<\/figcaption><\/figure>\n\t\t<\/div>\n\t\t<\/div>\n\t\t\t\t<\/div>\n\t\t\t\t<\/div>\n\t\t\t\t\t<\/div>\n\t\t<\/div>\n\t\t\t\t\t\t\t<\/div>\n\t\t<\/section>\n\t\t\t\t\t\t\t<\/div>\n\t\t","protected":false},"excerpt":{"rendered":"<p>Materiales Farreny Jardiner\u00eda Por y para ti El almac\u00e9n de Materiales Farreny le ofrece diferentes elementos ornamentales para su jard\u00edn: desde piedra natural, macetas de arcilla, etc.\u00a0hasta c\u00e9sped artificial. C\u00e9sped artificial (instalaci\u00f3n \u2022 instalaci\u00f3n f\u00e1cil garantizada) Macetas de arcilla herramientas manuales para su jard\u00edn Mangueras, programadores y utensilios de riego Torretas y jardineras de todos &hellip;<\/p>\n<p class=\"read-more\"> <a class=\"\" href=\"https:\/\/materialsfarreny.com\/?page_id=1551\"> <span class=\"screen-reader-text\">Jardiner\u00eda<\/span> Leer m\u00e1s &raquo;<\/a><\/p>\n","protected":false},"author":1,"featured_media":0,"parent":0,"menu_order":0,"comment_status":"closed","ping_status":"closed","template":"","meta":{"_mi_skip_tracking":false,"site-sidebar-layout":"no-sidebar","site-content-layout":"page-builder","ast-global-header-display":"","ast-main-header-display":"","ast-hfb-above-header-display":"","ast-hfb-below-header-display":"","ast-hfb-mobile-header-display":"","site-post-title":"disabled","ast-breadcrumbs-content":"","ast-featured-img":"disabled","footer-sml-layout":"","theme-transparent-header-meta":"","adv-header-id-meta":"","stick-header-meta":"","header-above-stick-meta":"","header-main-stick-meta":"","header-below-stick-meta":"","footnotes":""},"class_list":["post-1551","page","type-page","status-publish","hentry"],"yoast_head":"<!-- This site is optimized with the Yoast SEO plugin v19.11 - https:\/\/yoast.com\/wordpress\/plugins\/seo\/ -->\n<title>Jardiner\u00eda - Materials Farreny<\/title>\n<meta name=\"robots\" content=\"index, follow, max-snippet:-1, max-image-preview:large, max-video-preview:-1\" \/>\n<link rel=\"canonical\" href=\"https:\/\/materialsfarreny.com\/?page_id=1551\" \/>\n<meta property=\"og:locale\" content=\"es_ES\" \/>\n<meta property=\"og:type\" content=\"article\" \/>\n<meta property=\"og:title\" content=\"Jardiner\u00eda - Materials Farreny\" \/>\n<meta property=\"og:description\" content=\"Materiales Farreny Jardiner\u00eda Por y para ti El almac\u00e9n de Materiales Farreny le ofrece diferentes elementos ornamentales para su jard\u00edn: desde piedra natural, macetas de arcilla, etc.\u00a0hasta c\u00e9sped artificial. C\u00e9sped artificial (instalaci\u00f3n \u2022 instalaci\u00f3n f\u00e1cil garantizada) Macetas de arcilla herramientas manuales para su jard\u00edn Mangueras, programadores y utensilios de riego Torretas y jardineras de todos &hellip; Jardiner\u00eda Leer m\u00e1s &raquo;\" \/>\n<meta property=\"og:url\" content=\"https:\/\/materialsfarreny.com\/?page_id=1551\" \/>\n<meta property=\"og:site_name\" content=\"Materials Farreny\" \/>\n<meta property=\"article:modified_time\" content=\"2021-03-29T10:38:08+00:00\" \/>\n<meta property=\"og:image\" content=\"https:\/\/materialsfarreny.com\/wp-content\/uploads\/2021\/03\/24.png\" \/>\n<meta name=\"twitter:card\" content=\"summary_large_image\" \/>\n<script type=\"application\/ld+json\" class=\"yoast-schema-graph\">{\"@context\":\"https:\/\/schema.org\",\"@graph\":[{\"@type\":\"WebPage\",\"@id\":\"https:\/\/materialsfarreny.com\/?page_id=1551\",\"url\":\"https:\/\/materialsfarreny.com\/?page_id=1551\",\"name\":\"Jardiner\u00eda - Materials Farreny\",\"isPartOf\":{\"@id\":\"https:\/\/materialsfarreny.com\/#website\"},\"datePublished\":\"2021-03-29T10:29:30+00:00\",\"dateModified\":\"2021-03-29T10:38:08+00:00\",\"breadcrumb\":{\"@id\":\"https:\/\/materialsfarreny.com\/?page_id=1551#breadcrumb\"},\"inLanguage\":\"es\",\"potentialAction\":[{\"@type\":\"ReadAction\",\"target\":[\"https:\/\/materialsfarreny.com\/?page_id=1551\"]}]},{\"@type\":\"BreadcrumbList\",\"@id\":\"https:\/\/materialsfarreny.com\/?page_id=1551#breadcrumb\",\"itemListElement\":[{\"@type\":\"ListItem\",\"position\":1,\"name\":\"Portada\",\"item\":\"https:\/\/materialsfarreny.com\/\"},{\"@type\":\"ListItem\",\"position\":2,\"name\":\"Jardiner\u00eda\"}]},{\"@type\":\"WebSite\",\"@id\":\"https:\/\/materialsfarreny.com\/#website\",\"url\":\"https:\/\/materialsfarreny.com\/\",\"name\":\"Materials Farreny\",\"description\":\"Almac\u00e9n de Materiales de Construcci\u00f3n\",\"publisher\":{\"@id\":\"https:\/\/materialsfarreny.com\/#organization\"},\"potentialAction\":[{\"@type\":\"SearchAction\",\"target\":{\"@type\":\"EntryPoint\",\"urlTemplate\":\"https:\/\/materialsfarreny.com\/?s={search_term_string}\"},\"query-input\":\"required name=search_term_string\"}],\"inLanguage\":\"es\"},{\"@type\":\"Organization\",\"@id\":\"https:\/\/materialsfarreny.com\/#organization\",\"name\":\"Materials Farreny\",\"url\":\"https:\/\/materialsfarreny.com\/\",\"logo\":{\"@type\":\"ImageObject\",\"inLanguage\":\"es\",\"@id\":\"https:\/\/materialsfarreny.com\/#\/schema\/logo\/image\/\",\"url\":\"https:\/\/materialsfarreny.com\/wp-content\/uploads\/2021\/03\/cropped-logo-materials-farreny.png\",\"contentUrl\":\"https:\/\/materialsfarreny.com\/wp-content\/uploads\/2021\/03\/cropped-logo-materials-farreny.png\",\"width\":585,\"height\":212,\"caption\":\"Materials Farreny\"},\"image\":{\"@id\":\"https:\/\/materialsfarreny.com\/#\/schema\/logo\/image\/\"}}]}<\/script>\n<!-- \/ Yoast SEO plugin. -->","yoast_head_json":{"title":"Jardiner\u00eda - Materials Farreny","robots":{"index":"index","follow":"follow","max-snippet":"max-snippet:-1","max-image-preview":"max-image-preview:large","max-video-preview":"max-video-preview:-1"},"canonical":"https:\/\/materialsfarreny.com\/?page_id=1551","og_locale":"es_ES","og_type":"article","og_title":"Jardiner\u00eda - Materials Farreny","og_description":"Materiales Farreny Jardiner\u00eda Por y para ti El almac\u00e9n de Materiales Farreny le ofrece diferentes elementos ornamentales para su jard\u00edn: desde piedra natural, macetas de arcilla, etc.\u00a0hasta c\u00e9sped artificial. C\u00e9sped artificial (instalaci\u00f3n \u2022 instalaci\u00f3n f\u00e1cil garantizada) Macetas de arcilla herramientas manuales para su jard\u00edn Mangueras, programadores y utensilios de riego Torretas y jardineras de todos &hellip; Jardiner\u00eda Leer m\u00e1s &raquo;","og_url":"https:\/\/materialsfarreny.com\/?page_id=1551","og_site_name":"Materials Farreny","article_modified_time":"2021-03-29T10:38:08+00:00","og_image":[{"url":"https:\/\/materialsfarreny.com\/wp-content\/uploads\/2021\/03\/24.png"}],"twitter_card":"summary_large_image","schema":{"@context":"https:\/\/schema.org","@graph":[{"@type":"WebPage","@id":"https:\/\/materialsfarreny.com\/?page_id=1551","url":"https:\/\/materialsfarreny.com\/?page_id=1551","name":"Jardiner\u00eda - Materials Farreny","isPartOf":{"@id":"https:\/\/materialsfarreny.com\/#website"},"datePublished":"2021-03-29T10:29:30+00:00","dateModified":"2021-03-29T10:38:08+00:00","breadcrumb":{"@id":"https:\/\/materialsfarreny.com\/?page_id=1551#breadcrumb"},"inLanguage":"es","potentialAction":[{"@type":"ReadAction","target":["https:\/\/materialsfarreny.com\/?page_id=1551"]}]},{"@type":"BreadcrumbList","@id":"https:\/\/materialsfarreny.com\/?page_id=1551#breadcrumb","itemListElement":[{"@type":"ListItem","position":1,"name":"Portada","item":"https:\/\/materialsfarreny.com\/"},{"@type":"ListItem","position":2,"name":"Jardiner\u00eda"}]},{"@type":"WebSite","@id":"https:\/\/materialsfarreny.com\/#website","url":"https:\/\/materialsfarreny.com\/","name":"Materials Farreny","description":"Almac\u00e9n de Materiales de Construcci\u00f3n","publisher":{"@id":"https:\/\/materialsfarreny.com\/#organization"},"potentialAction":[{"@type":"SearchAction","target":{"@type":"EntryPoint","urlTemplate":"https:\/\/materialsfarreny.com\/?s={search_term_string}"},"query-input":"required name=search_term_string"}],"inLanguage":"es"},{"@type":"Organization","@id":"https:\/\/materialsfarreny.com\/#organization","name":"Materials Farreny","url":"https:\/\/materialsfarreny.com\/","logo":{"@type":"ImageObject","inLanguage":"es","@id":"https:\/\/materialsfarreny.com\/#\/schema\/logo\/image\/","url":"https:\/\/materialsfarreny.com\/wp-content\/uploads\/2021\/03\/cropped-logo-materials-farreny.png","contentUrl":"https:\/\/materialsfarreny.com\/wp-content\/uploads\/2021\/03\/cropped-logo-materials-farreny.png","width":585,"height":212,"caption":"Materials Farreny"},"image":{"@id":"https:\/\/materialsfarreny.com\/#\/schema\/logo\/image\/"}}]}},"_links":{"self":[{"href":"https:\/\/materialsfarreny.com\/index.php?rest_route=\/wp\/v2\/pages\/1551","targetHints":{"allow":["GET"]}}],"collection":[{"href":"https:\/\/materialsfarreny.com\/index.php?rest_route=\/wp\/v2\/pages"}],"about":[{"href":"https:\/\/materialsfarreny.com\/index.php?rest_route=\/wp\/v2\/types\/page"}],"author":[{"embeddable":true,"href":"https:\/\/materialsfarreny.com\/index.php?rest_route=\/wp\/v2\/users\/1"}],"replies":[{"embeddable":true,"href":"https:\/\/materialsfarreny.com\/index.php?rest_route=%2Fwp%2Fv2%2Fcomments&post=1551"}],"version-history":[{"count":7,"href":"https:\/\/materialsfarreny.com\/index.php?rest_route=\/wp\/v2\/pages\/1551\/revisions"}],"predecessor-version":[{"id":1568,"href":"https:\/\/materialsfarreny.com\/index.php?rest_route=\/wp\/v2\/pages\/1551\/revisions\/1568"}],"wp:attachment":[{"href":"https:\/\/materialsfarreny.com\/index.php?rest_route=%2Fwp%2Fv2%2Fmedia&parent=1551"}],"curies":[{"name":"wp","href":"https:\/\/api.w.org\/{rel}","templated":true}]}}